 to base 7.
5
-18 (base 9) to base 2
-10001
25 (base 9) to base 15
18
What is -22001 (base 3) in base 15?
-e7
Convert 8 (base 13) to base 4.
20
What is 1a (base 15) in base 5?
100
Convert -20 (base 14) to base 5.
-103
-1 (base 6) to base 10
-1
What is -11000 (base 2) in base 10?
-24
0 (base 15) to base 2
0
What is -10 (base 8) in base 12?
-8
-100 (base 6) to base 5
-121
Convert 10 (base 4) to base 13.
4
Convert -1 (base 13) to base 14.
-1
What is 112 (base 5) in base 12?
28
What is 0 (base 11) in base 13?
0
-2 (base 12) to base 9
-2
a (base 11) to base 10
10
What is 3 (base 7) in base 14?
3
Convert -103 (base 4) to base 5.
-34
What is b (base 12) in base 8?
13
What is 7 (base 12) in base 2?
111
Convert -1d (base 16) to base 11.
-27
-66 (base 10) to base 2
-1000010
Convert -110 (base 4) to base 3.
-202
-100 (base 2) to base 16
-4
Convert 17 (base 9) to base 16.
10
Convert -122 (base 4) to base 16.
-1a
What is -1022 (base 3) in base 5?
-120
Convert -3 (base 13) to base 6.
-3
Convert -1 (base 12) to base 10.
-1
7a (base 13) to base 4
1211
Convert 5 (base 8) to base 3.
12
-270 (base 9) to base 11
-195
Convert -9 (base 14) to base 8.
-11
What is -21 (base 3) in base 15?
-7
What is 133 (base 12) in base 11?
157
What is -10 (base 14) in base 8?
-16
-82 (base 10) to base 13
-64
Convert 2 (base 3) to base 11.
2
What is -21 (base 5) in base 11?
-10
Convert -1000 (base 2) to base 9.
-8
-24 (base 5) to base 4
-32
Convert -1001 (base 3) to base 9.
-31
1011 (base 2) to base 7
14
-465 (base 7) to base 9
-300
Convert -2 (base 14) to base 7.
-2
1 (base 10) to base 16
1
Convert 6 (base 13) to base 2.
110
What is 11 (base 6) in base 3?
21
10 (base 5) to base 9
5
Convert 1 (base 8) to base 13.
1
5 (base 13) to base 5
10
What is 4 (base 7) in base 2?
100
Convert 11 (base 5) to base 4.
12
What is 312 (base 5) in base 12?
6a
What is 12 (base 6) in base 4?
20
32 (base 13) to base 15
2b
Convert -7 (base 14) to base 4.
-13
What is 3 (base 11) in base 6?
3
What is 11 (base 9) in base 16?
a
Convert 1 (base 2) to base 5.
1
What is -19 (base 14) in base 2?
-10111
1011 (base 4) to base 7
126
Convert 21 (base 16) to base 13.
27
Convert -4 (base 5) to base 3.
-11
16 (base 14) to base 11
19
What is 1b (base 13) in base 5?
44
Convert -90 (base 10) to base 14.
-66
54 (base 15) to base 4
1033
1 (base 14) to base 16
1
1 (base 8) to base 10
1
Convert 1b2 (base 12) to base 13.
185
69 (base 10) to base 11
63
Convert -3 (base 4) to base 2.
-11
-3 (base 5) to base 11
-3
What is 2 (base 3) in base 2?
10
What is a (base 11) in base 7?
13
Convert 1 (base 10) to base 15.
1
What is -3b (base 14) in base 6?
-125
Convert 103 (base 4) to base 13.
16
What is -3 (base 4) in base 6?
-3
What is 20 (base 4) in base 3?
22
Convert 49 (base 16) to base 15.
4d
What is 2a (base 14) in base 8?
46
2 (base 7) to base 15
2
Convert -5 (base 15) to base 12.
-5
Convert -10 (base 3) to base 14.
-3
Convert 41 (base 6) to base 7.
34
-217 (base 8) to base 14
-a3
Convert 11 (base 13) to base 5.
24
Convert -2003 (base 4) to base 15.
-8b
0 (base 9) to base 8
0
What is 6 (base 8) in base 7?
6
10 (base 8) to base 14
8
What is 3 (base 15) in base 9?
3
What is -11011 (base 2) in base 6?
-43
Convert -2001 (base 4) to base 3.
-11210
What is 6 (base 14) in base 11?
6
6 (base 12) to base 6
10
306 (base 8) to base 12
146
Convert -c (base 13) to base 5.
-22
What is -15 (base 8) in base 9?
-14
142 (base 5) to base 13
38
What is -423 (base 5) in base 9?
-135
8 (base 9) to base 16
8
0 (base 12) to base 11
0
What is -358 (base 9) in base 7?
-602
-1 (base 3) to base 12
-1
-34 (base 16) to base 7
-103
Convert 1b (base 13) to base 16.
18
1 (base 13) to base 14
1
0 (base 6) to base 10
0
Convert 0 (base 6) to base 5.
0
What is -222 (base 3) in base 8?
-32
What is 15 (base 10) in base 9?
16
Convert -1 (base 6) to base 3.
-1
What is 0 (base 15) in base 6?
0
What is -1 (base 9) in base 5?
-1
Convert 144 (base 6) to base 12.
54
-4 (base 9) to base 16
-4
-421 (base 7) to base 10
-211
What is 1 (base 2) in base 15?
1
-3 (base 11) to base 8
-3
Convert 90 (base 14) to base 12.
a6
What is 4 (base 11) in base 15?
4
What is -3 (base 12) in base 3?
-10
Convert -22 (base 7) to base 3.
-121
-9 (base 14) to base 5
-14
Convert 110 (base 2) to base 14.
6
Convert 2 (base 8) to base 15.
2
-18 (base 9) to base 15
-12
What is 22 (base 8) in base 5?
33
-355 (base 7) to base 3
-20221
Convert -5 (base 11) to base 15.
-5
-2 (base 16) to base 13
-2
2 (base 9) to base 11
2
Convert -7 (base 9) to base 15.
-7
Convert -130 (base 7) to base 14.
-50
-1 (base 6) to base 12
-1
Convert 0 (base 3) to base 11.
0
Convert 2 (base 16) to base 7.
2
Convert 13 (base 6) to base 5.
14
Convert -294 (base 12) to base 15.
-1ba
What is 1001 (base 2) in base 7?
12
Convert 7 (base 10) to base 16.
7
What is 2d (base 16) in base 4?
231
What is 4 (base 9) in base 10?
4
What is -1 (base 2) in base 16?
-1
Convert -21 (base 8) to base 10.
-17
-166 (base 11) to base 5
-1233
Convert -642 (base 7) to base 6.
-1300
What is 17 (base 8) in base 4?
33
112 (base 6) to base 4
230
-181 (base 14) to base 10
-309
-21 (base 12) to base 14
-1b
What is -6 (base 13) in base 4?
-12
Convert 6 (base 9) to base 13.
6
What is 180 (base 12) in base 6?
1040
301 (base 5) to base 13
5b
Convert -b (base 14) to base 11.
-10
Convert 54 (base 6) to base 13.
28
-49 (base 13) to base 10
-61
What is -26 (base 15) in base 16?
-24
Convert -12 (base 5) to base 3.
-21
Convert 1 (base 12) to base 11.
1
14 (base 5) to base 6
13
Convert 25 (base 7) to base 6.
31
54 (base 11) to base 8
73
Convert -6 (base 10) to base 7.
-6
What is -1022 (base 3) in base 15?
-25
What is -3 (base 13) in base 8?
-3
What is 1011011 (base 2) in base 5?
331
10001100 (base 2) to base 4
2030
-2014 (base 5) to base 12
-197
Convert 4 (base 6) to base 5.
4
Convert -6 (base 11) to base 10.
-6
Convert -10 (base 13) to base 14.
-d
Convert 3 (base 12) to base 10.
3
Convert 60 (base 12) to base 2.
1001000
Convert -30 (base 5) to base 4.
-33
1221 (base 3) to base 5
202
1 (base 2) to base 9
1
Convert -4 (base 8) to base 5.
-4
-101 (base 2) to base 5
-10
4 (base 8) to base 11
4
-15 (base 11) to base 6
-24
14 (base 12) to base 9
17
-1 (base 15) to base 13
-1
Convert 1100 (base 5) to base 8.
226
2a (base 12) to base 16
22
0 (base 4) to base 10
0
Convert d (base 15) to base 9.
14
What is -255 (base 10) in base 13?
-168
-30 (base 5) to base 16
-f
Convert -2a (base 11) to base 3.
-1012
What is 1220 (base 3) in base 7?
102
What is 134 (base 12) in base 15?
c4
What is 1 (base 5) in base 7?
1
-25 (base 11) to base 16
-1b
What is -1 (base 15) in base 5?
-1
-15 (base 11) to base 5
-31
Convert -11 (base 2) to base 7.
-3
Convert -3 (base 9) to base 16.
-3
Convert 102210 (base 3) to base 11.
26a
Convert 14b (base 12) to base 8.
313
Convert -2 (base 8) to base 2.
-10
2 (base 13) to base 2
10
Convert 1111 (base 2) to base 15.
10
Convert -13 (base 9) to base 7.
-15
Convert 1 (base 2) to base 15.
1
-15 (base 11) to base 2
-10000
36 (base 7) to base 4
123
-1 (base 7) to base 6
-1
Convert 1111001 (base 2) to base 9.
144
What is -2 (base 16) in base 13?
-2
Convert -4 (base 9) to base 10.
-4
What is 10 (base 7) in base 14?
7
Convert 0 (base 7) to base 4.
0
103 (base 7) to base 10
52
-6 (base 15) to base 10
-6
Convert 5 (base 7) to base 11.
5
Convert 13 (base 4) to base 15.
7
What is -2232 (base 5) in base 7?
-632
What is 71 (base 14) in base 15?
69
3b (base 14) to base 9
58
1 (base 15) to base 13
1
Convert 1001100 (base 2) to base 7.
136
16 (base 7) to base 14
d
What is -2 (base 11) in base 6?
-2
2 (base 9) to base 12
2
-305 (base 10) to base 5
-2210
1c (base 15) to base 11
25
-9 (base 14) to base 7
-12
-3e (base 16) to base 9
-68
Convert -112 (base 4) to base 8.
-26
What is -110 (base 2) in base 9?
-6
Convert -5 (base 14) to base 13.
-5
11 (base 5) to base 15
6
What is -2 (base 5) in base 2?
-10
5 (base 10) to base 9
5
-1 (base 5) to base 6
-1
-2 (base 8) to base 12
-2
Convert 5 (base 6) to base 10.
5
-64 (base 10) to base 2
-1000000
What is 0 (base 14) in base 12?
0
What is 46 (base 12) in base 3?
2000
Convert 245 (base 7) to base 9.
155
Convert -4 (base 13) to base 4.
-10
Convert 2 (base 6) to base 13.
2
Convert -10 (base 3) to base 6.
-3
11 (base 14) to base 3
120
What is 2 (b